972919?
9
What is the hundreds digit of 156238767?
7
What is the ten thousands digit of 5753233?
5
What is the hundred millions digit of 204541289?
2
What is the tens digit of 218393382?
8
What is the ten thousands digit of 1586710187?
1
What is the hundreds digit of 142831583?
5
What is the tens digit of 102107075?
7
What is the hundred millions digit of 2328123539?
3
What is the hundreds digit of 350267749?
7
What is the tens digit of 576068689?
8
What is the ten thousands digit of 33090038?
9
What is the hundred millions digit of 149530146?
1
What is the millions digit of 8927886?
8
What is the thousands digit of 4146185166?
5
What is the billions digit of 3420630752?
3
What is the hundred millions digit of 166060496?
1
What is the hundred thousands digit of 87699551?
6
What is the ten thousands digit of 27056518?
5
What is the ten thousands digit of 221184693?
8
What is the ten thousands digit of 20672376?
7
What is the hundreds digit of 402359625?
6
What is the ten thousands digit of 39667435?
6
What is the millions digit of 9140319690?
0
What is the ten thousands digit of 189658719?
5
What is the hundred millions digit of 147494000?
1
What is the hundred thousands digit of 235653196?
6
What is the millions digit of 97556418?
7
What is the thousands digit of 544990544?
0
What is the thousands digit of 89737241?
7
What is the ten millions digit of 285395249?
8
What is the ten millions digit of 29056095?
2
What is the hundred thousands digit of 4000568?
0
What is the hundred millions digit of 267642457?
2
What is the ten millions digit of 705230867?
0
What is the ten millions digit of 123174022?
2
What is the hundreds digit of 51382272?
2
What is the hundred thousands digit of 659572889?
5
What is the hundred millions digit of 173481922?
1
What is the ten thousands digit of 126874857?
7
What is the ten millions digit of 767453851?
6
What is the hundred millions digit of 447849449?
4
What is the hundred thousands digit of 30337980?
3
What is the thousands digit of 8846187?
6
What is the ten millions digit of 823750954?
2
What is the ten thousands digit of 337883749?
8
What is the thousands digit of 598340116?
0
What is the ten thousands digit of 8317763553?
6
What is the units digit of 510300081?
1
What is the hundred millions digit of 2058563468?
0
What is the units digit of 54871452?
2
What is the hundred thousands digit of 8760403?
7
What is the hundred millions digit of 176517174?
1
What is the millions digit of 943641277?
3
What is the ten thousands digit of 2584765382?
6
What is the ten millions digit of 312318808?
1
What is the ten thousands digit of 3575733714?
3
What is the ten millions digit of 411399558?
1
What is the hundred millions digit of 5533979175?
5
What is the ten millions digit of 21147141?
2
What is the thousands digit of 9107484?
7
What is the hundred millions digit of 1417971855?
4
What is the hundreds digit of 341655498?
4
What is the tens digit of 48984895?
9
What is the hundred thousands digit of 109764226?
7
What is the hundred millions digit of 1066431176?
0
What is the tens digit of 1228920801?
0
What is the millions digit of 1629261302?
9
What is the millions digit of 566256822?
6
What is the hundred thousands digit of 32951606?
9
What is the units digit of 135116369?
9
What is the hundred millions digit of 5712730311?
7
What is the thousands digit of 1091464789?
4
What is the hundred thousands digit of 389244584?
2
What is the thousands digit of 742266974?
6
What is the ten millions digit of 220777851?
2
What is the tens digit of 51259846?
4
What is the hundred thousands digit of 34670872?
6
What is the hundreds digit of 44483860?
8
What is the millions digit of 69685094?
9
What is the units digit of 478254977?
7
What is the ten thousands digit of 644759030?
5
What is the ten thousands digit of 26278299?
7
What is the thousands digit of 50189895?
9
What is the ten millions digit of 43022895?
4
What is the thousands digit of 28615079?
5
What is the hundreds digit of 74103256?
2
What is the hundreds digit of 195154171?
1
What is the hundred thousands digit of 46877354?
8
What is the units digit of 17072011?
1
What is the tens digit of 690024006?
0
What is the units digit of 8215387?
7
What is the millions digit of 44536625?
4
What is the hundreds digit of 90976759?
7
What is the hundred thousands digit of 39083442?
0
What is the units digit of 531522225?
5
What is the billions digit of 2837075371?
2
What is the units digit of 474496446?
6
What is the hundred thousands digit of 33685149?
6
What is the units digit of 1816627180?
0
What is the ten thousands digit of 264146615?
4
What is the hundred thousands digit of 42356115?
3
What is the billions digit of 2542571167?
2
What is the ten thousands digit of 401168826?
6
What is the ten thousands digit of 541869862?
6
What is the hundreds digit of 1672038966?
9
What is the millions digit of 199324777?
9
What is the ten thousands digit of 381013830?
1
What is the hundreds digit of 70255752?
7
What is the thousands digit of 67250734?
0
What is the hundreds digit of 70227743?
7
What is the hundreds digit of 171849256?
2
What is the hundred millions digit of 809013499?
8
What is the hundred thousands digit of 205133633?
1
What is the tens digit of 946064597?
9
What is the hundred millions digit of 2555566275?
5
What is the ten thousands digit of 114116191?
1
What is the tens digit of 85900599?
9
What is the ten thousands digit of 498562369?
6
What is the units digit of 29559606?
6
What is the ten millions digit of 409754218?
0
What is the ten millions digit of 201658826?
0
What is the millions digit of 19729485?
9
What is the hundred thousands digit of 231884033?
8
What is the tens digit of 2062904321?
2
What is the thousands digit of 22279911?
9
What is the tens digit of 221284549?
4
What is the hundred thousands digit of 13038519?
0
What is the hundred thousands digit of 69300906?
3
What is the billions digit of 1715108200?
1
What is the hundred thousands digit of 23131283?
1
What is the millions digit of 6527359644?
7
What is the thousands digit of 398257552?
7
What is the ten thousands digit of 1007874334?
7
What is the thousands digit of 13579670?
9
What is the hundreds digit of 658296702?
7
What is the thousands digit of 38664238?
4
What is the hundred thousands digit of 3560321?
5
What is the hundreds digit of 3092052?
0
What is the units digit of 1326078901?
1
What is the tens digit of 5122229?
2
What is the hundreds digit of 139424482?
4
What is the hundreds digit of 382232189?
1
What is the tens digit of 5193869?
6
What is the units digit of 290875380?
0
What is the ten thousands digit of 376745565?
4
What is the units digit of 155772040?
0
What is the hundred thousands digit of 39122988?
1
What is the tens digit of 141906924?
2
What is the units digit of 4456023886?
6
What is the millions digit of 4797074971?
7
What is the ten thousands digit of 3512553066?
5
What is the millions digit of 1625305291?
5
What is the tens digit of 3734045?
4
What is the ten thousands digit of 71837160?
3
What is the hundred millions digit of 303388997?
3
What is the billions digit of 1544196735?
1
What is the hundred thousands digit of 24457674?
4
What is the units digit of 87911452?
2
What is the thousands digit of 3359043218?
3
What is the millions digit of 1156785391?
6
What is the units digit of 58836011?
1
What is the ten millions digit of 22754555?
2
What is the ten millions digit of 212212970?
1
What is the ten thousands digit of 41008403?
0
What is the units digit of 1844056094?
4
What is the hundred millions digit of 7758253593?
7
What is the thousands digit of 10732281?
2
What is the ten thousands digit of 30368749?
6
What is the tens digit of 18539771?
7
What is the millions digit of 21398185?
1
What is the hundreds digit of 710964818?
8
What is the ten thousands digit of 517589291?
8
What is the thousands digit of 119633229?
3
What is the tens digit of 131594525?
2
What is the hundred millions digit of 248436880?
2
What is the ten millions digit of 265190084?
6
What is the hundred thousands digit of 411876840?
8
What is the tens digit of 37237076?
7
What is the thousands digit of 394337790?
7
What is the millions digit of 920662309?
0
What is the hundred thousand